14).
-8
Let h(c) = 2*c**2 - 80*c + 162. Give h(48).
930
Let y(s) = -s**2 - 1219*s + 88874. Give y(69).
2
Let f(a) = a**3 - 59*a**2 + 55*a + 3363. Calculate f(57).
0
Let y(t) = t**3 + 4*t**2 - 26*t + 12. What is y(-8)?
-36
Let l(g) = 3*g**2 - 46*g + 178. Calculate l(13).
87
Let k(u) = -u**2 + 34*u - 14. What is k(18)?
274
Let v(m) = -56*m**2 - 70*m - 69. Calculate v(-1).
-55
Let y(b) = 520*b + 5715. Give y(-11).
-5
Let s(k) = 21*k - 113. What is s(4)?
-29
Let w(j) = 3*j**2 + 52*j + 239. Calculate w(-9).
14
Let m(o) = 3*o**2 - 38*o + 103. Give m(8).
-9
Let h(z) = -47*z**2 + 22*z + 2. What is h(1)?
-23
Let y(a) = -232*a + 5076. Determine y(22).
-28
Let k(g) = -g**3 + 17*g**2 - 72*g + 251. What is k(13)?
-9
Let q(d) = -44*d + 4174. Calculate q(95).
-6
Let s(m) = -m - 60. Give s(16).
-76
Let x(t) = 191*t - 3991. Determine x(21).
20
Let b(l) = -19*l**2 + l + 25. Determine b(5).
-445
Let s(r) = r**2 - 861*r - 1727. What is s(-2)?
-1
Let f(u) = -u**2 + 18*u + 2097. Calculate f(-37).
62
Let r(o) = 217*o + 1210. Give r(-6).
-92
Let q(l) = -55*l**3 - 16*l**2 - 17*l. Determine q(-1).
56
Let h(g) = -g**2 - 47*g - 109. Give h(-43).
63
Let t(x) = -43*x + 1401. Determine t(31).
68
Let f(q) = q**2 + 40*q + 257. Determine f(-42).
341
Let r(d) = -d**3 - 13*d**2 + 175. Determine r(-9).
-149
Let m(q) = q**3 - 5*q**2 - 13*q + 112. Give m(10).
482
Let l(n) = -2*n**3 - 228*n**2 - 1890*n + 15. Determine l(-105).
15
Let d(s) = -2*s**2 - 28*s + 653. Give d(-27).
-49
Let r(w) = w - 47. Give r(10).
-37
Let x(z) = -83*z + 255. Determine x(3).
6
Let m(f) = 4*f**2 + 23*f - 389. Give m(-13).
-12
Let p(j) = j**3 + 11*j**2 + 14*j - 8. Determine p(-11).
-162
Let f(p) = 642*p + 24. Calculate f(1).
666
Let h(o) = -o**3 + 43*o**2 - 127*o + 278. Determine h(40).
-2
Let o(u) = 2*u**2 + 18*u - 124. Calculate o(5).
16
Let u(t) = t**2 - 3*t - 19. What is u(-13)?
189
Let h(o) = -20*o**2 + 27*o + 2. Give h(2).
-24
Let s(n) = 3*n**2 + 19*n + 32. Calculate s(-2).
6
Let z(k) = -51*k**2 - 3*k - 3. Determine z(-1).
-51
Let q(h) = -2*h - 259. Calculate q(-12).
-235
Let l(a) = a**3 - 110*a**2 + 249*a - 3517. Determine l(108).
47
Let v(k) = 16*k**2 + 2950*k - 1872. Give v(-185).
-22
Let p(x) = x**3 + 9*x**2 - 75*x + 42. Calculate p(-14).
112
Let u(t) = -153*t + 4772. Determine u(31).
29
Let k(f) = -f**3 - 5*f**2 - 168*f - 1181. Give k(-7).
93
Let n(d) = d**3 - d**2 + 11*d + 83. What is n(-4)?
-41
Let k(b) = -b**3 + 4*b**2 + 7*b - 3. Determine k(-2).
7
Let v(g) = -40*g**2 + 222*g + 135. Determine v(6).
27
Let c(d) = -d**2 - 30*d + 1238. Determine c(26).
-218
Let w(v) = -v**3 + 9*v**2 - 27*v + 23. What is w(4)?
-5
Let y(d) = 853*d - 2571. Calculate y(3).
-12
Let l(n) = -171*n - 515. Calculate l(-3).
-2
Let p(k) = -119*k + 722. Determine p(6).
8
Let o(w) = -655*w - 5313. Calculate o(-8).
-73
Let d(w) = w**2 - 5*w - 63. What is d(-7)?
21
Let h(k) = 31*k - 550. Calculate h(19).
39
Let d(i) = -i + 33. Give d(43).
-10
Let b(f) = -f**2 + 61*f - 885. Determine b(38).
-11
Let z(s) = 39*s + 254. What is z(-15)?
-331
Let m(h) = -h**2 - 23*h + 31. What is m(-24)?
7
Let j(w) = 289*w - 56. Calculate j(-2).
-634
Let l(r) = -r**2 + 366*r + 3312. Give l(-9).
-63
Let h(j) = 59*j - 603. What is h(10)?
-13
Let d(l) = -341*l + 2051. Calculate d(6).
5
Let m(t) = 2*t**2 + 371*t + 6173. Determine m(-167).
-6
Let l(x) = -x**3 + 16*x**2 - 67*x + 17. What is l(7)?
-11
Let t(p) = 3*p**2 + 98*p + 320. Calculate t(-29).
1
Let z(s) = -347*s + 1790. What is z(5)?
55
Let h(b) = -2*b**2 - 112*b - 156. What is h(-53)?
162
Let x(y) = -y**3 - 41*y**2 - 432*y - 270. Give x(-19).
-4
Let o(p) = -17*p - 1576. Calculate o(-94).
22
Let u(k) = -8*k**2 + 243*k + 204. Determine u(31).
49
Let m(x) = -37*x**2 - 162*x + 162. Determine m(1).
-37
Let f(a) = a**3 + 6*a**2 - 99*a - 423. Determine f(-4).
5
Let j(w) = -25*w - 213. Determine j(-3).
-138
Let z(o) = -o**3 - 2*o**2 + 14*o + 3. Determine z(-6).
63
Let l(k) = -k**3 - 4*k**2 - 7*k. Calculate l(-3).
12
Let i(r) = 6*r**2 + 116*r - 231. Give i(2).
25
Let u(o) = 2*o**3 - 16*o**2 - 17*o + 28. What is u(9)?
37
Let y(i) = -3*i**3 + 28*i**2 + 24*i - 24. Calculate y(10).
16
Let h(i) = 85*i - 932. Determine h(11).
3
Let d(p) = -p**3 + 37*p**2 + 160*p - 28. Determine d(-4).
-12
Let d(z) = -z**2 - 82*z - 1535. What is d(-50)?
65
Let k(m) = 14*m + 104. What is k(-23)?
-218
Let g(q) = q**2 - 46*q + 189. Determine g(36).
-171
Let h(y) = -2*y**2 + 205*y + 3183. Determine h(116).
51
Let t(i) = 2*i**2 - 192*i - 178. What is t(97)?
16
Let p(b) = -b**3 - b**2 + 5*b - 52. What is p(0)?
-52
Let n(d) = 4*d + 82. Calculate n(-28).
-30
Let o(q) = -2*q**2 + 193*q + 1372. Calculate o(103).
33
Let v(b) = -4*b**2 + 22*b - 14. Calculate v(6).
-26
Let h(n) = -629*n - 184. What is h(0)?
-184
Let d(p) = 371*p + 13721. Calculate d(-37).
-6
Let c(r) = -r**3 + 2*r**2 + 5*r - 47. Calculate c(-8).
553
Let k(s) = 2*s**2 - 127*s - 618. Determine k(68).
-6
Let d(z) = z**3 + 15*z**2 + 13*z + 12. Determine d(-15).
-183
Let x(r) = -26*r - 91. Give x(-6).
65
Let v(a) = a**2 + 45*a + 609. Calculate v(-21).
105
Let c(v) = -v**3 + 5*v**2 + 42*v - 16. Give c(-5).
24
Let z(l) = l**2 - 78*l - 10327. Determine z(148).
33
Let k(n) = 21*n - 1277. Determine k(49).
-248
Let w(l) = -l**3 + 15*l**2 - 40*l + 34. What is w(9)?
160
Let d(z) = 42*z**3 + 8*z + 8. Calculate d(-1).
-42
Let u(l) = -l**3 - 20*l**2 - 34*l + 480. Determine u(-15).
-135
Let j(x) = -x**3 - 19*x**2 - 4*x + 492. Calculate j(-17).
-18
Let u(w) = 290*w + 271. Determine u(-1).
-19
Let m(o) = -o**2 - 64*o - 885. Give m(-17).
-86
Let d(u) = -2*u**3 + 20*u**2 + 27*u - 2. Calculate d(11).
53
Let f(r) = -3219*r + 6442. Determine f(2).
4
Let g(d) = -14*d + 601. Calculate g(16).
377
Let l(s) = -195*s + 163. Give l(1).
-32
Let w(d) = -515*d + 40666. Give w(79).
-19
Let k(a) = -474*a - 3315. Calculate k(-7).
3
Let h(t) = -2*t**2 + 124*t - 1622. Give h(18).
-38
Let l(j) = -j**2 - 257*j - 507. What is l(-2)?
3
Let a(c) = c**3 + 3*c**2 + 14*c + 15. Give a(-1).
3
Let s(d) = d**2 - 8*d + 54. Determine s(13).
119
Let z(d) = -12*d**2 - 96*d + 2. Calculate z(-8).
2
Let x(n) = -2*n**3 - 5*n + 1. What is x(-3)?
70
Let u(r) = 71*r - 714. Give u(10).
-4
Let x(o) = o**3 - 15*o**2 - 35*o + 692. What is x(14)?
6
Let y(j) = 3*j**2 + 3*j - 65. Calculate y(4).
-5
Let u(d) = 15*d**2 - 6*d + 13. Give u(3).
130
Let d(h) = 51*h + 1102. Give d(-21).
31
Let y(l) = -l**3 + 11*l**2 + 41*l - 138. Determine y(14).
-152
Let o(x) = 35*x**2 + 880*x + 119. What is o(-25)?
-6
Let w(o) = 133*o**3 + 5*o**2 + 2*o - 2. Determine w(1).
138
Let j(v) = 18*v**2 - v - 498. What is j(0)?
-498
Let m(y) = y**2 + 39*y + 102. What is m(0)?
102
Let q(x) = x**3 + 80*x**2 + 612*x - 886. Calculate q(-10).
-6
Let u(i) = -i**3 + 57*i**2. What is u(57)?
0
Let m(d) = 4*d - 521. Determine m(27).
-413
Let n(z) = 6*z**3 - 34*z**2 - 17*z + 34. Determine n(6).
4
Let j(a) = -137*a - 200. Calculate j(-2).
74
Let v(i) = i**3 - 15*i + 7. Calculate v(4).
11
Let g(w) = 2*w**2 - 104*w + 109. Determine g(53).
215
Let w(c) = -c - 87. What is w(-6)?
-81
Let u(r) = -r - 72. Give u(20).
-92
Let x(d) = -2*d**2 - 98*d - 190. Calculate x(-47).
-2
Let q(t) = t**3 - 19*t**2 - 1052*t + 18448. Calculate q(17).
-14
Let z(h) = h**3 + 13*h**2 - 22*h - 114. Determine z(-14).
-2
Let d(k) = -178*k - 1250. Calculate d(-10).
530
Let g(t) = 4*t**2 + 3*t + 3. Calculate g(-1).
4
Let d(x) = 1773*x - 7087. Give d(4).
5
Let y(l) = -34*l + 1957. What is y(56)?
53
Let u(s) = s**3 + 40*s**2 - 98*s - 594. What is u(-42)?
-6
Let t(z) = -7*z**2 + 745*z + 490. Determine t(107).
62
Let n(s) = 4*s**3 - 11*s**2 - 13*s + 13. Give n(-4).
-367
Let f(z) = -z**3 - 7*z**2 - 7*z - 5. What is f(-4)?
-25
Let b(r) = r**2 - 256*r - 4129. Calculate b(-15).
-64
Let b(i) = -i**3 + 26*i**2 + 27*i + 25. Give b(27).
25
Let w(b) = -232*b + 11029. Give w(48).
-107
Let y(o) = 45*o - 713. Give y(16).
7
Let r(u) = -u**3 - 23*u**2 - 7*u - 144. What is r(-23)?
17
Let u(x) = x**2 + 11*x - 182. What is u(-23)?
94
Let z(t) = -t**2 + 51*t - 602. Determine z(19).
6
Let g(o) = -8*o**2 + 9*o + 922. Determine g(-10).
32
Let s(g) = -2*g**2 + 26*g - 50. What is s(7)?
34
Let d(t) = 2*t**3 + 14*t**2 - 54*t - 35. Determine d(-10).
-95
Let i(z) = 19*z + 373. What is i(-43)?
-444
Let a(h) = h**3 - 16*h**2 - 39*h - 67. Determi